256 + g. What is the units digit of u?
5
Suppose 3*n + 4*x + 87 = 28, 0 = 4*n - 3*x + 87. Let d(k) = -k**3 - 21*k**2 - k + 4. What is the tens digit of d(n)?
2
Suppose 4*i - 2*a + 66 = 6*i, -70 = -2*i - a. What is the units digit of i?
7
Let d(h) = 48*h + 9. What is the hundreds digit of d(7)?
3
Suppose -d - 23 = -100. Suppose 0 = -f + 44 + d. What is the tens digit of f?
2
Suppose 1573 = 5*r - 4*m, -4*r + 5*m + 496 = -757. What is the hundreds digit of r?
3
Let n = 6 - 2. Suppose 0*k + 3*k + 50 = -n*i, 4*k = -8. Let l(h) = h**3 + 12*h**2 + 7*h - 13. What is the units digit of l(i)?
1
Let q(k) = -k**3 - 14*k**2 - 25*k + 28. What is the units digit of q(-13)?
4
Suppose 5*x - 4*m - 84 = 0, 5*x + 2*m - 7 = 71. Let j = x - 14. What is the tens digit of (1 + (-54)/(-4))*j?
2
Suppose 4*n + 126 = 2*j, -n - 28 = 3*j - 224. What is the tens digit of j?
6
Let h(m) = -m**2 + m + 4. Let r be h(-8). Suppose -a + 4*t = 8, 3*a - 7*a - 2*t = 86. Let f = a - r. What is the units digit of f?
8
Suppose -g = -4, 4*u + 30*g - 1272 = 34*g. What is the units digit of u?
2
Let z be (-40)/(-12)*(-3)/(-2). Let r = 38 - 32. Suppose -r*h + 193 = -z. What is the units digit of h?
3
Let m(n) = n + 2. Suppose 14 = 2*r - x - x, -3*r = 3*x - 27. Let b be m(r). Let p = 12 - b. What is the units digit of p?
2
Let i(y) = -y**3 + 5*y**2 + 7*y + 6. Let w be i(6). What is the units digit of (1 - w/(-8))/((-1)/(-6))?
5
Let l = 4 - -1. Suppose -d + 5*g - 20 = 0, l*d = 3*d - 2*g - 88. Let q = 4 - d. What is the tens digit of q?
4
Let d be (-4901)/(-52) - (-1)/(-4). Let l = d + -56. What is the units digit of l?
8
Let j be (-10)/(-35) - 2600/(-14) - -3. Let m = j + -64. What is the units digit of m?
5
Let f = 7 + 11. Suppose 0 = 4*t + f - 218. What is the units digit of t?
0
Let y = -18 - -15. Let a be (y + 2)*1 + 93. What is the tens digit of (-1)/((-4)/a) - -3?
2
Suppose -5*v - 2*s + 23 = -0*v, -v + 2*s = -7. Suppose -7 = -m - 2. Suppose 3*c - u - 109 = 0, -m*c = v*u - 3*u - 200. What is the tens digit of c?
3
Let j = 26 + -1. Let y = 41 - j. What is the units digit of y?
6
Let j(c) = 11*c - 82. What is the tens digit of j(18)?
1
Let b = 22 + -33. Let h = 12 + b. Let q(d) = 12*d + 1. What is the units digit of q(h)?
3
What is the units digit of (6/(-5))/(26/(-1625))?
5
Let j(a) be the third derivative of a**6/120 + 13*a**5/60 - a**4/8 - 7*a**3/6 - 8*a**2. Let r be j(-13). Let w = 70 - r. What is the tens digit of w?
3
Let c(k) = k**2 - 8*k - 1. Let s be c(8). Let h be 2/(-4) + (-205)/(-10). What is the units digit of s/(-2 - (-36)/h)?
5
Let g = 13 - 12. Let z(j) = j + 1. Let k(f) = 18*f - 7. Let y(p) = g*k(p) + 6*z(p). What is the tens digit of y(2)?
4
Let l(q) = -3*q**2 + 4*q - 9. Let g(n) = -2*n**2 + 2*n - 5. Let t(m) = -5*g(m) + 3*l(m). Let k be t(1). What is the units digit of 32/12 + k/3?
3
Let b = -319 - -502. What is the tens digit of b?
8
What is the hundreds digit of (-28)/42 + (-1761)/(-9)?
1
Let w be 34/(-6) + (-5)/15. Let f be 90/27*w/(-4). Suppose 395 = f*r + 25. What is the units digit of r?
4
Suppose -5*c + 5160 = 5*y - 75, 2*c + 4*y - 2088 = 0. What is the units digit of c?
0
Suppose -q = -i - 0*q + 21, q + 3 = 0. Let s = 32 - i. Suppose -2*n = 5*x - s, -2*n = -5*x + 7 - 1. What is the units digit of n?
2
Let a = 929 - -1294. What is the tens digit of a?
2
Let o be ((-208)/12)/((-2)/(-3)). Let p be 18*(-2 - -1)*-2. Let g = p + o. What is the units digit of g?
0
Let u = 46 + -45. Let j(g) = 16*g**3 + 2*g**2 - 4*g + 3. What is the tens digit of j(u)?
1
Let o be 578/(-14) - 10/(-35). Let q = o - -99. What is the tens digit of q?
5
Suppose 7*r + 76 + 78 = 0. What is the tens digit of (-6)/4*r + 0?
3
Suppose 12*n - 40396 = -10120. What is the tens digit of n?
2
Let q(u) = -u**3 + u**2 - u + 92. What is the tens digit of q(0)?
9
Let p(q) = 5*q**2. Let i be p(-1). Suppose -a = -3*v + 805, -514 = -8*v + 6*v - i*a. What is the hundreds digit of v?
2
Let f(q) be the first derivative of 11*q**2/2 - q - 8. What is the units digit of f(2)?
1
Let y(x) be the first derivative of -4*x**3/3 + 9*x**2 - 3*x - 1. Let b(l) = 7*l**2 - 35*l + 5. Let f(s) = -3*b(s) - 5*y(s). What is the tens digit of f(13)?
2
Suppose -3*a = 3*v - 3, -3*a + 1 + 4 = 2*v. Suppose -880 = -h - a*h. What is the tens digit of (h/30)/(4/6)?
1
Let y be (24/(-20))/(4/(-30)). Suppose 0 = 3*w - y - 18. Let v = 8 + w. What is the units digit of v?
7
Let z = 56 + -56. What is the tens digit of 164 - (-2 + z/(-2) + 4)?
6
Let t be (-36)/(-45)*(-10)/(-4). Suppose -5*q + 2*o + 1030 = 0, -4*q + 824 = t*o + 3*o. What is the hundreds digit of q?
2
Let b(w) = w**3 - 8*w**2 + 3*w + 5. Let d be b(5). Let s = d - -161. What is the units digit of s?
6
Suppose -4*r + 0 = -12. Suppose -k = 3*x - 62, 334 - 26 = 4*k - r*x. What is the tens digit of k?
7
Let j = 71 - 66. Suppose -3*s - j*v = -v - 301, 2*s = -v + 194. What is the tens digit of s?
9
Suppose 22*g - 21*g - 499 = 0. What is the tens digit of g?
9
What is the units digit of (8/14 + 456/(-63))*-3?
0
Let v = -85 + 49. What is the hundreds digit of (-14)/((6 + -3)/v)?
1
Suppose -10*r = 8 - 48. Let k(u) = u**3 - 3*u**2 - u + 3. What is the units digit of k(r)?
5
Let z(h) = -h**3 + 4*h**2 + 3*h - 1. Let w be z(5). Let r be (w/(-22))/((-2)/(-84)). Let o = r - 10. What is the units digit of o?
1
Let n(w) = 1276*w - 272. What is the hundreds digit of n(2)?
2
Suppose -d - 4*a = -65, 0 = 2*d + 8*a - 6*a - 106. What is the units digit of d?
9
Let v(t) = 943*t + 2. What is the hundreds digit of v(1)?
9
Let l(u) = -u**2 - u. Let f be (0 + 1)*(-2 - -2). Let v be l(f). Suppose v = w - 4*w + 63. What is the tens digit of w?
2
Suppose 2*g - 4*r - 888 = -2*g, 0 = 4*g + 2*r - 906. What is the tens digit of g/6*2/(-1 - -2)?
7
Let l(h) = 2*h**3 - 10*h**2 + 11*h - 66. What is the hundreds digit of l(8)?
4
What is the hundreds digit of (1 + 4)*(-1)/(-5) + 293?
2
Suppose 50*n = -37*n + 60030. What is the hundreds digit of n?
6
Let v(l) = 25*l - 48. What is the units digit of v(13)?
7
Let f = 6 - 32. Let t = -17 - f. What is the units digit of t?
9
Let h(o) = o**3 + o. Let t be h(1). Let q = 3 + t. Suppose 12 = q*m - g, 4*m + 3 = 3*g + 2*g. What is the units digit of m?
3
Let c(b) = 13*b**3 + 6*b**3 - 30 + 7 - 9*b**2 - 12*b - 18*b**3. What is the tens digit of c(11)?
8
Let y(u) = 4*u**2 - 3*u - 2. Let n(p) = p**2 + 8*p + 4. Let k be n(-9). Suppose -25 + k = 4*t. What is the tens digit of y(t)?
4
Suppose -37396 = 24*f - 98452. What is the units digit of f?
4
Let a(h) = 16*h - 191. What is the hundreds digit of a(30)?
2
Let t(g) = 2*g**2 + 1 + 4 + 6*g + 0*g + 0*g**2. Let q be t(-3). Suppose -q*x + 4*x = -1. What is the units digit of x?
1
Let l = -254 + 662. Let f = 0 - -4. Suppose 0 = -10*w + f*w + l. What is the tens digit of w?
6
Suppose 0*u - 2*m = u - 34, 34 = u - 2*m. Let o = u + -20. What is the tens digit of o?
1
Suppose 0 = 4*j - 4*s + 20, -20 = 5*s - s. What is the units digit of (7*j - 0)/(3/(-3))?
0
Suppose 338*y + 6768 = 341*y. What is the units digit of y?
6
Let z(s) = s**2 - 5*s - 19. Let u be z(13). Suppose 4*m + 21 = u. What is the tens digit of m/32*2*37?
3
Let a(m) = 3*m**2 + 6*m**2 - 2 - 13*m**2 + 0*m**3 + 4*m + 2*m**3. What is the units digit of a(4)?
8
Suppose -4*a - 26 = -2*u, 3*u + 16 - 5 = -4*a. Let o be 17 + -6 + 1 + u. What is the tens digit of ((-6)/o + 0)*-30?
1
Let l(m) = 30*m - 1. Let r be l(-1). Let c = r + 15. Let g = c + 42. What is the units digit of g?
6
Let t(r) = -r + 4. Let o be t(9). Let x = -5 - o. Let c = 39 + x. What is the tens digit of c?
3
Suppose 441 = q - 5*t, 2*q - 432 = -4*t + 436. Suppose -q = -7*l - 2. What is the units digit of l?
2
Let k(a) be the third derivative of -a**7/420 - a**6/180 - 11*a**5/60 - 4*a**2. Let m(u) be the third derivative of k(u). What is the units digit of m(-5)?
6
Suppose 0 = -6*v + 27 - 3. Suppose 2 = -3*l - v, 4*m = -5*l + 6. Suppose m*z - 44 - 32 = 0. What is the units digit of z?
9
What is the hundreds digit of 16721/7 - (174/(-21) + 8)?
3
Suppose 7*i = 3*i - 196. Let u = -25 - i. Suppose 0 = -2*b + 28 + u. What is the units digit of b?
6
Let v = 849 - 284. What is the hundreds digit of v?
5
Suppose -8*n + 4*n + 652 = 0. Let v = n - 78. What is the units digit of v?
5
Let h = -231 - -358. Let k = -67 + h. What is the te